a prime number?
True
Is 164911 a composite number?
False
Is 19631 prime?
False
Is 1409 a composite number?
False
Is 564778 composite?
True
Is 341617 composite?
False
Is 13894 prime?
False
Is 98407 a composite number?
False
Is 1503017 prime?
True
Is 98711 prime?
True
Is 428489 a composite number?
False
Is 89839 prime?
True
Is 1450063 a prime number?
True
Is 19711 prime?
False
Is 189463 a prime number?
True
Is 1720949 prime?
True
Is 442903 prime?
True
Is 4661 a prime number?
False
Is 8149 prime?
False
Is 31013 prime?
True
Is 12359 composite?
True
Is 21269 a prime number?
True
Is 45827 prime?
True
Is 3227 prime?
False
Is 57026 a prime number?
False
Is 28049 a composite number?
True
Is 66293 prime?
True
Is 99761 prime?
True
Is 577949 composite?
True
Is 19921 a prime number?
False
Is 79523 prime?
False
Is 17569 prime?
True
Is 4481 composite?
False
Is 18731 a composite number?
False
Is 102587 prime?
True
Is 853 a prime number?
True
Is 222073 a composite number?
False
Is 71531 composite?
True
Is 5249 composite?
True
Is 21211 prime?
True
Is 572099 a composite number?
True
Is 2923 composite?
True
Is 211921 composite?
True
Is 1211549 a composite number?
False
Is 132293 prime?
False
Is 22693 composite?
True
Is 17939 prime?
True
Is 1054409 prime?
False
Is 565439 composite?
True
Is 9727 prime?
False
Is 590099 composite?
False
Is 1009 a composite number?
False
Is 239999 a composite number?
False
Is 4783 a composite number?
False
Is 77893 a composite number?
False
Is 16733 a composite number?
True
Is 220423 a composite number?
True
Is 19739 a composite number?
False
Is 682235 composite?
True
Is 39361 a prime number?
False
Is 312331 prime?
True
Is 4099 composite?
False
Is 16597 prime?
False
Is 78747 composite?
True
Is 7093 prime?
False
Is 579239 prime?
True
Is 41729 a prime number?
True
Is 42109 a composite number?
True
Is 2035493 a composite number?
False
Is 622121 a composite number?
True
Is 1197311 composite?
True
Is 4379623 a prime number?
True
Is 5196427 composite?
False
Is 5591 a composite number?
False
Is 2296417 a composite number?
True
Is 16019 prime?
False
Is 23105 prime?
False
Is 324021 a composite number?
True
Is 188869 composite?
False
Is 37799 a prime number?
True
Is 7901 prime?
True
Is 26083 a prime number?
True
Is 192317 a composite number?
False
Is 29699 a prime number?
False
Is 3146801 a prime number?
False
Is 2101 a composite number?
True
Is 17377 composite?
False
Is 1657 a composite number?
False
Is 54422 composite?
True
Is 91193 composite?
False
Is 181537 a composite number?
False
Is 44951 a prime number?
False
Is 48613 prime?
False
Is 2560247 a composite number?
False
Is 9097 prime?
False
Is 17863 a prime number?
True
Is 4907 a prime number?
False
Is 528419 prime?
True
Is 68171 a composite number?
False
Is 424397 a composite number?
False
Is 236297 a composite number?
False
Is 73483 prime?
True
Is 769181 a composite number?
True
Is 2483 composite?
True
Is 179477 a composite number?
True
Is 4561 prime?
True
Is 148609 prime?
True
Is 109423 a prime number?
True
Is 22502 a prime number?
False
Is 16273 a prime number?
True
Is 3695 prime?
False
Is 493 a composite number?
True
Is 118493 a prime number?
True
Is 49061 a composite number?
True
Is 2521 composite?
False
Is 90149 composite?
False
Is 249478 prime?
False
Is 877 a composite number?
False
Is 10007 prime?
True
Is 13907 a prime number?
True
Is 157621 composite?
True
Is 310391 a composite number?
True
Is 10559 prime?
True
Is 10259 composite?
False
Is 26797 a composite number?
True
Is 5587 a prime number?
False
Is 862 prime?
False
Is 116383 a composite number?
True
Is 2633 composite?
False
Is 47267 prime?
False
Is 7901 composite?
False
Is 2798 composite?
True
Is 160273 prime?
False
Is 5701 a composite number?
False
Is 763339 a composite number?
False
Is 24403 composite?
True
Is 210439 prime?
False
Is 13373 prime?
False
Is 10749 composite?
True
Is 795493 prime?
True
Is 18761 prime?
False
Is 184207 a prime number?
False
Is 88859 composite?
True
Is 53111 composite?
True
Is 1537 composite?
True
Is 1657 a composite number?
False
Is 331 composite?
False
Is 86321 composite?
True
Is 115633 prime?
False
Is 976799 a prime number?
True
Is 228469 composite?
False
Is 106801 prime?
True
Is 271283 composite?
True
Is 192307 a prime number?
True
Is 3101 composite?
True
Is 5680001 a composite number?
False
Is 11411 a composite number?
False
Is 1011329 a composite number?
True
Is 24789 a prime number?
False
Is 839 composite?
False
Is 388199 a prime number?
False
Is 15121 prime?
True
Is 5803 a composite number?
True
Is 225881 a composite number?
True
Is 85069 prime?
False
Is 22853 prime?
True
Is 43429 a composite number?
True
Is 129707 a prime number?
True
Is 113519 composite?
True
Is 4253 prime?
True
Is 1345 a prime number?
False
Is 5731 prime?
False
Is 142 composite?
True
Is 12053 a composite number?
True
Is 41333 a composite number?
False
Is 177499 a composite number?
True
Is 2307 composite?
True
Is 674887 a prime number?
False
Is 638621 a prime number?
True
Is 249703 composite?
False
Is 200899 a prime number?
True
Is 9813 a composite number?
True
Is 146437 prime?
True
Is 787 composite?
False
Is 4679 prime?
True
Is 25261 a composite number?
False
Is 405803 prime?
False
Is 206003 a prime number?
False
Is 603389 a prime number?
True
Is 816811 prime?
True
Is 115293 a prime number?
False
Is 130583 a composite number?
True
Is 479935 a composite number?
True
Is 2563811 composite?
False
Is 81457 a prime number?
True
Is 161543 a prime number?
True
Is 6007 a composite number?
False
Is 165341 composite?
True
Is 3223 composite?
True
Is 780523 composite?
False
Is 239257 composite?
True
Is 7901 a composite number?
False
Is 11083 composite?
False
Is 2777 a composite number?
False
Is 809 a composite number?
False
Is 189461 a prime number?
False
Is 1009 composite?
False
Is 50411 composite?
False
Is 3659 a composite number?
False
Is 1259 composite?
False
Is 117751 a composite number?
False
Is 751799 a composite number?
False
Is 751 a prime number?
True
Is 175129 composite?
False
Is 14765 a composite number?
True
Is 408677 a prime number?
True
Is 141041 a prime number?
True
Is 122741 prime?
True
Is 30971 prime?
True
Is 2483 a composite number?
True
Is 3029 prime?
False
Is 690083 prime?
False
Is 373969 a prime number?
True
Is 23357 composite?
False
Is 107833 prime?
False
Is 15103 prime?
False
Is 1677083 a composite number?
False
Is 30881 prime?
True
Is 222421 prime?
False
Is 31881 a composite number?
True
Is 10723 prime?
True
Is 64819 a prime number?
False
Is 86003 prime?
False
Is 2161253 a prime number?
True
Is 6769 a composite number?
True
Is 4609 a prime number?
False
Is 6201227 composite?
True
Is 1385 prime?
False
Is 1354447 composite?
True
Is 4620101 prime?
True
Is 319 a composite number?
True
Is 142001 prime?
False
Is 15103 prime?
False
Is 139241 prime?
True
Is 90901 a composite number?
False
Is 155099 a composite number?
True
Is 1292783 composite?
False
Is 2420209 a prime number?
False
Is 593789 a composite number?
True
Is 419 composite?
False
Is 24989 a prime number?
True
Is 77471 a prime number?
True
Is 12929 a prime number?
False
Is 177373 a prime number?
False
Is 3427 a prime number?
False
Is 16673 a composite number?
False
Is 168923 composite?
True
Is 115201 prime?
True
Is 10265 prime?
False
Is 133439 a prime number?
True
Is 991669 a prime number?
False
Is 451 a composite number?
True
Is 23773 prime?
True
Is 64847 a composite number?
True
Is 133153 composite?
False
Is 113591 a prime number?
True
Is 3251 composite?
False
Is 35963 composite?
False
Is 28345 a composite number?
True
Is 63177 a prime number?
False
Is 142133 a composite number?
True
Is 641 a composite number?
False
Is 981683 prime?
True
Is 133597 prime?
True
Is 80543 a composite number?
True
Is 150677 prime?
False
Is 24029 a prime number?
True
Is 706909 a prime number?
False
Is 3067553 prime?
True
Is 1991011 a composite number?
True
Is 21247 prime?
True
Is 216887 prime?
False
Is 10294 a composite number?
True
Is 1107623 a prime number?
False
Is 97813 a prime number?
True
Is 20249 a prime number?
True
Is 186437 composite?
False
Is 49061 a composite number?
True
Is 4283 composite?
False
Is 5679565 prime?
False
Is 4337 a prime number?
True
Is 154969 pr